{"id":390,"date":"2023-10-03T21:36:25","date_gmt":"2023-10-04T00:36:25","guid":{"rendered":"https:\/\/faculdadef7.edu.br\/?page_id=390"},"modified":"2025-02-24T10:47:48","modified_gmt":"2025-02-24T13:47:48","slug":"missao-e-visao","status":"publish","type":"page","link":"https:\/\/faculdadef7.edu.br\/index.php\/missao-e-visao\/","title":{"rendered":"Miss\u00e3o e Vis\u00e3o"},"content":{"rendered":"<style>.elementor-390 .elementor-element.elementor-element-836ec8d{--display:flex;--min-height:29vh;--flex-direction:row;--container-widget-width:calc( ( 1 - var( --container-widget-flex-grow ) ) * 100% );--container-widget-height:100%;--container-widget-flex-grow:1;--container-widget-align-self:stretch;--flex-wrap-mobile:wrap;--justify-content:center;--align-items:center;}.elementor-390 .elementor-element.elementor-element-836ec8d:not(.elementor-motion-effects-element-type-background), .elementor-390 .elementor-element.elementor-element-836ec8d > .elementor-motion-effects-container > .elementor-motion-effects-layer{background-image:url(\"https:\/\/faculdadef7.edu.br\/wp-content\/uploads\/2024\/12\/BGNOFOTO1.png\");background-position:center center;background-repeat:no-repeat;background-size:cover;}.elementor-390 .elementor-element.elementor-element-f2a8707{--display:flex;--align-items:center;--container-widget-width:calc( ( 1 - var( --container-widget-flex-grow ) ) * 100% );}.elementor-390 .elementor-element.elementor-element-f2a8707.e-con{--order:-99999 \/* order start hack *\/;}.elementor-390 .elementor-element.elementor-element-d4afd54 .jeg-elementor-kit.jkit-animated-text{text-align:center;}.elementor-390 .elementor-element.elementor-element-d4afd54 .jeg-elementor-kit.jkit-animated-text .animated-text .normal-text{font-family:\"Poppins\", Sans-serif;font-size:28px;font-weight:600;}.elementor-390 .elementor-element.elementor-element-d4afd54 .jeg-elementor-kit.jkit-animated-text .animated-text .normal-text.style-color{color:#FFFFFF;}.elementor-390 .elementor-element.elementor-element-d4afd54 .jeg-elementor-kit.jkit-animated-text .animated-text .dynamic-text{font-family:\"Poppins\", Sans-serif;font-size:28px;font-weight:600;text-shadow:0px 0px 10px rgba(0,0,0,0.3);z-index:auto;}.elementor-390 .elementor-element.elementor-element-d4afd54 .jeg-elementor-kit.jkit-animated-text .animated-text .dynamic-wrapper.style-color .dynamic-text{color:var( --e-global-color-af4baec );}.elementor-390 .elementor-element.elementor-element-d4afd54 .jeg-elementor-kit.jkit-animated-text .animated-text svg path.style-color{stroke:var( --e-global-color-af4baec );}.elementor-390 .elementor-element.elementor-element-d4afd54 .jeg-elementor-kit.jkit-animated-text .animated-text svg path{stroke-width:10px;-moz-animation-duration:10s;-webkit-animation-duration:10s;-o-animation-duration:10s;-ms-animation-duration:10s;animation-duration:10s;stroke-linecap:round;stroke-linejoin:round;}.elementor-390 .elementor-element.elementor-element-d4afd54 .jeg-elementor-kit.jkit-animated-text .animated-text svg{z-index:2;}.elementor-390 .elementor-element.elementor-element-a7f7727{--display:flex;--min-height:296px;--flex-direction:column;--container-widget-width:100%;--container-widget-height:initial;--container-widget-flex-grow:0;--container-widget-align-self:initial;--flex-wrap-mobile:wrap;--justify-content:center;}.elementor-390 .elementor-element.elementor-element-abe7648{--spacer-size:50px;}.elementor-widget-text-editor{font-family:var( --e-global-typography-text-font-family ), Sans-serif;font-size:var( --e-global-typography-text-font-size );font-weight:var( --e-global-typography-text-font-weight );color:var( --e-global-color-text );}.elementor-widget-text-editor.elementor-drop-cap-view-stacked .elementor-drop-cap{background-color:var( --e-global-color-primary );}.elementor-widget-text-editor.elementor-drop-cap-view-framed .elementor-drop-cap, .elementor-widget-text-editor.elementor-drop-cap-view-default .elementor-drop-cap{color:var( --e-global-color-primary );border-color:var( --e-global-color-primary );}.elementor-390 .elementor-element.elementor-element-8a61430 > .elementor-widget-container{margin:0px 0px 0px 0px;}.elementor-390 .elementor-element.elementor-element-8a61430{text-align:left;font-family:\"Montserrat\", Sans-serif;font-size:20px;font-weight:700;font-style:normal;line-height:30px;color:var( --e-global-color-2d69f9b );}.elementor-390 .elementor-element.elementor-element-8a61430 p{margin-block-end:0px;}.elementor-390 .elementor-element.elementor-element-1be9747 > .elementor-widget-container{margin:0px 0px 0px 0px;}.elementor-390 .elementor-element.elementor-element-1be9747{text-align:left;font-family:\"Montserrat\", Sans-serif;font-size:15px;font-weight:500;font-style:normal;line-height:29px;color:#252525;}.elementor-390 .elementor-element.elementor-element-32746f4{--spacer-size:50px;}.elementor-390 .elementor-element.elementor-element-3d63e9f{--display:flex;--min-height:296px;--flex-direction:column;--container-widget-width:100%;--container-widget-height:initial;--container-widget-flex-grow:0;--container-widget-align-self:initial;--flex-wrap-mobile:wrap;--justify-content:center;}.elementor-390 .elementor-element.elementor-element-3d63e9f:not(.elementor-motion-effects-element-type-background), .elementor-390 .elementor-element.elementor-element-3d63e9f > .elementor-motion-effects-container > .elementor-motion-effects-layer{background-color:var( --e-global-color-2d69f9b );}.elementor-390 .elementor-element.elementor-element-b3ae12f{--spacer-size:50px;}.elementor-390 .elementor-element.elementor-element-b43624e > .elementor-widget-container{margin:0px 0px 0px 0px;}.elementor-390 .elementor-element.elementor-element-b43624e{text-align:left;font-family:\"Montserrat\", Sans-serif;font-size:20px;font-weight:700;font-style:normal;line-height:30px;color:var( --e-global-color-af4baec );}.elementor-390 .elementor-element.elementor-element-b43624e p{margin-block-end:0px;}.elementor-390 .elementor-element.elementor-element-64aea2c > .elementor-widget-container{margin:0px 0px 0px 0px;}.elementor-390 .elementor-element.elementor-element-64aea2c{text-align:left;font-family:\"Montserrat\", Sans-serif;font-size:15px;font-weight:500;font-style:normal;line-height:29px;color:#FFFFFF;}.elementor-390 .elementor-element.elementor-element-4944699{--spacer-size:50px;}.elementor-390 .elementor-element.elementor-element-f90a66e{--display:flex;--min-height:296px;--flex-direction:column;--container-widget-width:100%;--container-widget-height:initial;--container-widget-flex-grow:0;--container-widget-align-self:initial;--flex-wrap-mobile:wrap;--justify-content:center;}.elementor-390 .elementor-element.elementor-element-bd75dbc{--spacer-size:50px;}.elementor-390 .elementor-element.elementor-element-906077a > .elementor-widget-container{margin:0px 0px 0px 0px;}.elementor-390 .elementor-element.elementor-element-906077a{text-align:left;font-family:\"Montserrat\", Sans-serif;font-size:20px;font-weight:700;font-style:normal;line-height:30px;color:var( --e-global-color-2d69f9b );}.elementor-390 .elementor-element.elementor-element-906077a p{margin-block-end:0px;}.elementor-390 .elementor-element.elementor-element-7362d0b > .elementor-widget-container{margin:0px 0px 0px 0px;}.elementor-390 .elementor-element.elementor-element-7362d0b{text-align:left;font-family:\"Montserrat\", Sans-serif;font-size:15px;font-weight:500;font-style:normal;line-height:29px;color:#252525;}.elementor-390 .elementor-element.elementor-element-981c263{--display:flex;}.elementor-390 .elementor-element.elementor-element-98e3ff0{--spacer-size:80px;}@media(max-width:1024px){.elementor-390 .elementor-element.elementor-element-a7f7727{--padding-top:30px;--padding-bottom:30px;--padding-left:30px;--padding-right:30px;}.elementor-390 .elementor-element.elementor-element-abe7648{--spacer-size:10px;}.elementor-widget-text-editor{font-size:var( --e-global-typography-text-font-size );}.elementor-390 .elementor-element.elementor-element-1be9747{font-size:12px;}.elementor-390 .elementor-element.elementor-element-32746f4{--spacer-size:10px;}.elementor-390 .elementor-element.elementor-element-3d63e9f{--padding-top:30px;--padding-bottom:30px;--padding-left:30px;--padding-right:30px;}.elementor-390 .elementor-element.elementor-element-b3ae12f{--spacer-size:10px;}.elementor-390 .elementor-element.elementor-element-64aea2c{font-size:12px;}.elementor-390 .elementor-element.elementor-element-4944699{--spacer-size:10px;}.elementor-390 .elementor-element.elementor-element-f90a66e{--padding-top:30px;--padding-bottom:30px;--padding-left:30px;--padding-right:30px;}.elementor-390 .elementor-element.elementor-element-bd75dbc{--spacer-size:10px;}.elementor-390 .elementor-element.elementor-element-7362d0b{font-size:12px;}}@media(max-width:767px){.elementor-390 .elementor-element.elementor-element-836ec8d:not(.elementor-motion-effects-element-type-background), .elementor-390 .elementor-element.elementor-element-836ec8d > .elementor-motion-effects-container > .elementor-motion-effects-layer{background-position:center left;background-size:464px auto;}.elementor-390 .elementor-element.elementor-element-f2a8707{--gap:8px 8px;--row-gap:8px;--column-gap:8px;}.elementor-390 .elementor-element.elementor-element-d4afd54 .jeg-elementor-kit.jkit-animated-text .animated-text .normal-text{font-size:15px;}.elementor-390 .elementor-element.elementor-element-d4afd54 .jeg-elementor-kit.jkit-animated-text .animated-text .dynamic-text{font-size:15px;}.elementor-390 .elementor-element.elementor-element-a7f7727{--padding-top:30px;--padding-bottom:30px;--padding-left:30px;--padding-right:30px;}.elementor-390 .elementor-element.elementor-element-abe7648{--spacer-size:5px;}.elementor-widget-text-editor{font-size:var( --e-global-typography-text-font-size );}.elementor-390 .elementor-element.elementor-element-8a61430.elementor-element{--align-self:center;}.elementor-390 .elementor-element.elementor-element-8a61430{text-align:center;font-size:15px;line-height:1.5em;}.elementor-390 .elementor-element.elementor-element-8a61430 p{margin-block-end:0px;}.elementor-390 .elementor-element.elementor-element-1be9747{font-size:12px;line-height:1.5em;}.elementor-390 .elementor-element.elementor-element-32746f4{--spacer-size:5px;}.elementor-390 .elementor-element.elementor-element-3d63e9f{--padding-top:30px;--padding-bottom:30px;--padding-left:30px;--padding-right:30px;}.elementor-390 .elementor-element.elementor-element-b3ae12f{--spacer-size:5px;}.elementor-390 .elementor-element.elementor-element-b43624e.elementor-element{--align-self:center;}.elementor-390 .elementor-element.elementor-element-b43624e{text-align:center;font-size:15px;line-height:1.5em;}.elementor-390 .elementor-element.elementor-element-b43624e p{margin-block-end:0px;}.elementor-390 .elementor-element.elementor-element-64aea2c{font-size:12px;line-height:1.5em;}.elementor-390 .elementor-element.elementor-element-4944699{--spacer-size:5px;}.elementor-390 .elementor-element.elementor-element-f90a66e{--padding-top:30px;--padding-bottom:30px;--padding-left:30px;--padding-right:30px;}.elementor-390 .elementor-element.elementor-element-bd75dbc{--spacer-size:5px;}.elementor-390 .elementor-element.elementor-element-906077a.elementor-element{--align-self:center;}.elementor-390 .elementor-element.elementor-element-906077a{text-align:center;font-size:15px;line-height:1.5em;}.elementor-390 .elementor-element.elementor-element-906077a p{margin-block-end:0px;}.elementor-390 .elementor-element.elementor-element-7362d0b{font-size:12px;line-height:1.5em;}}@media(min-width:1025px){.elementor-390 .elementor-element.elementor-element-836ec8d:not(.elementor-motion-effects-element-type-background), .elementor-390 .elementor-element.elementor-element-836ec8d > .elementor-motion-effects-container > .elementor-motion-effects-layer{background-attachment:fixed;}}<\/style>\t\t<div data-elementor-type=\"wp-page\" data-elementor-id=\"390\" class=\"elementor elementor-390\" data-elementor-post-type=\"page\">\n\t\t\t\t<div class=\"elementor-element elementor-element-836ec8d e-con-full e-flex e-con e-parent\" data-id=\"836ec8d\" data-element_type=\"container\" data-settings=\"{&quot;background_background&quot;:&quot;classic&quot;}\">\n\t\t<div class=\"elementor-element elementor-element-f2a8707 e-con-full e-flex e-con e-child\" data-id=\"f2a8707\" data-element_type=\"container\">\n\t\t\t\t<div class=\"elementor-element elementor-element-d4afd54 elementor-widget elementor-widget-jkit_animated_text\" data-id=\"d4afd54\" data-element_type=\"widget\" data-widget_type=\"jkit_animated_text.default\">\n\t\t\t\t<div class=\"elementor-widget-container\">\n\t\t\t\t\t<div  class=\"jeg-elementor-kit jkit-animated-text jeg_module___69fb65db0732f\"  data-style=\"highlighted\" data-text=\"Institucional\" data-shape=\"underline-zigzag\"><p class=\"animated-text\"><span class=\"normal-text style-color\"><\/span><span class=\"dynamic-wrapper style-color\"><span class=\"dynamic-text\">Institucional<\/span><svg xmlns=\"http:\/\/www.w3.org\/2000\/svg\" viewBox=\"0 0 500 150\" preserveAspectRatio=\"none\"><path class=\"style-color\"  d=\"M9.5,52.5s361-31,478,0\" transform=\"translate(-9.11 -34.22)\"\/><path class=\"style-color\"  d=\"M484.5,55.5s-386-2-432,15c0,0,317-12,358,5,0,0-177-4-227,11\" transform=\"translate(-9.11 -34.22)\"\/><\/svg><\/span><span class=\"normal-text style-color\"><\/span><\/p><\/div>\t\t\t\t<\/div>\n\t\t\t\t<\/div>\n\t\t\t\t<\/div>\n\t\t\t\t<\/div>\n\t\t<div class=\"elementor-element elementor-element-a7f7727 e-flex e-con-boxed e-con e-parent\" data-id=\"a7f7727\" data-element_type=\"container\">\n\t\t\t\t\t<div class=\"e-con-inner\">\n\t\t\t\t<div class=\"elementor-element elementor-element-abe7648 elementor-widget elementor-widget-spacer\" data-id=\"abe7648\" data-element_type=\"widget\" data-widget_type=\"spacer.default\">\n\t\t\t\t<div class=\"elementor-widget-container\">\n\t\t\t\t\t\t\t<div class=\"elementor-spacer\">\n\t\t\t<div class=\"elementor-spacer-inner\"><\/div>\n\t\t<\/div>\n\t\t\t\t\t\t<\/div>\n\t\t\t\t<\/div>\n\t\t\t\t<div class=\"elementor-element elementor-element-8a61430 elementor-widget elementor-widget-text-editor\" data-id=\"8a61430\" data-element_type=\"widget\" data-widget_type=\"text-editor.default\">\n\t\t\t\t<div class=\"elementor-widget-container\">\n\t\t\t\t\t\t\t\t\t<p style=\"text-align: center;\">Miss\u00e3o<\/p>\t\t\t\t\t\t\t\t<\/div>\n\t\t\t\t<\/div>\n\t\t\t\t<div class=\"elementor-element elementor-element-1be9747 elementor-widget elementor-widget-text-editor\" data-id=\"1be9747\" data-element_type=\"widget\" data-widget_type=\"text-editor.default\">\n\t\t\t\t<div class=\"elementor-widget-container\">\n\t\t\t\t\t\t\t\t\t<div style=\"text-align: justify;\"><p>A <strong>F7<\/strong> tem como miss\u00e3o contribuir no desenvolvimento de Paragominas e regi\u00e3o atrav\u00e9s da oferta de ensino superior acess\u00edvel e qualificado, visando a forma\u00e7\u00e3o acad\u00eamica de profissionais competentes, \u00e9ticos e cidad\u00e3os.<\/p><\/div>\t\t\t\t\t\t\t\t<\/div>\n\t\t\t\t<\/div>\n\t\t\t\t<div class=\"elementor-element elementor-element-32746f4 elementor-widget elementor-widget-spacer\" data-id=\"32746f4\" data-element_type=\"widget\" data-widget_type=\"spacer.default\">\n\t\t\t\t<div class=\"elementor-widget-container\">\n\t\t\t\t\t\t\t<div class=\"elementor-spacer\">\n\t\t\t<div class=\"elementor-spacer-inner\"><\/div>\n\t\t<\/div>\n\t\t\t\t\t\t<\/div>\n\t\t\t\t<\/div>\n\t\t\t\t\t<\/div>\n\t\t\t\t<\/div>\n\t\t<div class=\"elementor-element elementor-element-3d63e9f e-flex e-con-boxed e-con e-parent\" data-id=\"3d63e9f\" data-element_type=\"container\" data-settings=\"{&quot;background_background&quot;:&quot;classic&quot;}\">\n\t\t\t\t\t<div class=\"e-con-inner\">\n\t\t\t\t<div class=\"elementor-element elementor-element-b3ae12f elementor-widget elementor-widget-spacer\" data-id=\"b3ae12f\" data-element_type=\"widget\" data-widget_type=\"spacer.default\">\n\t\t\t\t<div class=\"elementor-widget-container\">\n\t\t\t\t\t\t\t<div class=\"elementor-spacer\">\n\t\t\t<div class=\"elementor-spacer-inner\"><\/div>\n\t\t<\/div>\n\t\t\t\t\t\t<\/div>\n\t\t\t\t<\/div>\n\t\t\t\t<div class=\"elementor-element elementor-element-b43624e elementor-widget elementor-widget-text-editor\" data-id=\"b43624e\" data-element_type=\"widget\" data-widget_type=\"text-editor.default\">\n\t\t\t\t<div class=\"elementor-widget-container\">\n\t\t\t\t\t\t\t\t\t<p style=\"text-align: center;\">Vis\u00e3o<\/p>\t\t\t\t\t\t\t\t<\/div>\n\t\t\t\t<\/div>\n\t\t\t\t<div class=\"elementor-element elementor-element-64aea2c elementor-widget elementor-widget-text-editor\" data-id=\"64aea2c\" data-element_type=\"widget\" data-widget_type=\"text-editor.default\">\n\t\t\t\t<div class=\"elementor-widget-container\">\n\t\t\t\t\t\t\t\t\t<div style=\"text-align: justify;\"><p>A <strong>F7<\/strong> visa ser uma institui\u00e7\u00e3o de ensino superior reconhecida no estado do Par\u00e1 como refer\u00eancia na forma\u00e7\u00e3o de profissionais competentes, \u00e9ticos e aptos ao exerc\u00edcio da cidadania.<\/p><\/div>\t\t\t\t\t\t\t\t<\/div>\n\t\t\t\t<\/div>\n\t\t\t\t<div class=\"elementor-element elementor-element-4944699 elementor-widget elementor-widget-spacer\" data-id=\"4944699\" data-element_type=\"widget\" data-widget_type=\"spacer.default\">\n\t\t\t\t<div class=\"elementor-widget-container\">\n\t\t\t\t\t\t\t<div class=\"elementor-spacer\">\n\t\t\t<div class=\"elementor-spacer-inner\"><\/div>\n\t\t<\/div>\n\t\t\t\t\t\t<\/div>\n\t\t\t\t<\/div>\n\t\t\t\t\t<\/div>\n\t\t\t\t<\/div>\n\t\t<div class=\"elementor-element elementor-element-f90a66e e-flex e-con-boxed e-con e-parent\" data-id=\"f90a66e\" data-element_type=\"container\">\n\t\t\t\t\t<div class=\"e-con-inner\">\n\t\t\t\t<div class=\"elementor-element elementor-element-bd75dbc elementor-widget elementor-widget-spacer\" data-id=\"bd75dbc\" data-element_type=\"widget\" data-widget_type=\"spacer.default\">\n\t\t\t\t<div class=\"elementor-widget-container\">\n\t\t\t\t\t\t\t<div class=\"elementor-spacer\">\n\t\t\t<div class=\"elementor-spacer-inner\"><\/div>\n\t\t<\/div>\n\t\t\t\t\t\t<\/div>\n\t\t\t\t<\/div>\n\t\t\t\t<div class=\"elementor-element elementor-element-906077a elementor-widget elementor-widget-text-editor\" data-id=\"906077a\" data-element_type=\"widget\" data-widget_type=\"text-editor.default\">\n\t\t\t\t<div class=\"elementor-widget-container\">\n\t\t\t\t\t\t\t\t\t<p style=\"text-align: center;\">Breve Hist\u00f3rico<\/p>\t\t\t\t\t\t\t\t<\/div>\n\t\t\t\t<\/div>\n\t\t\t\t<div class=\"elementor-element elementor-element-7362d0b elementor-widget elementor-widget-text-editor\" data-id=\"7362d0b\" data-element_type=\"widget\" data-widget_type=\"text-editor.default\">\n\t\t\t\t<div class=\"elementor-widget-container\">\n\t\t\t\t\t\t\t\t\t<div style=\"text-align: justify;\"><p>A <strong>Faculdade de Ensino Sete &#8211; F7<\/strong> teve in\u00edcio no sonho de seu mantenedor, professor Gessivaldo de Jesus da Silva Ferreira, que tra\u00e7ou as linhas gerais: uma institui\u00e7\u00e3o voltada \u00e0 profissionaliza\u00e7\u00e3o da popula\u00e7\u00e3o local, com forte a\u00e7\u00e3o extensionista visando o desenvolvimento social, atuando no ensino presencial na \u00e1rea da sa\u00fade.<\/p><p>A <strong>F7<\/strong> foi criada em janeiro de 2021 a partir da idealiza\u00e7\u00e3o de seu mantenedor, instalada na cidade de Paragominas, no estado do Par\u00e1, que, em sua regi\u00e3o, tem o papel de centro comercial, de sa\u00fade e educa\u00e7\u00e3o, atraindo a popula\u00e7\u00e3o de uma centena de vilarejos em seu entorno, atendendo mais de 630 mil habitantes nestes munic\u00edpios.<\/p><p>Em 2021, a <strong>F7<\/strong> iniciou junto ao Minist\u00e9rio da Educa\u00e7\u00e3o a busca pelo Credenciamento Institucional, para oferta de cursos da educa\u00e7\u00e3o superior na modalidade presencial, na \u00e1rea da sa\u00fade. Para o primeiro ciclo da Institui\u00e7\u00e3o, a Mantenedora protocolou vinculado ao Credenciamento os cursos Bacharelado em Enfermagem e Bacharelado em Odontologia.<\/p><p>A Portaria n\u00ba 1.660, de 15 de agosto de 2023, ato de Credenciamento, que marcou o in\u00edcio da <strong>F7<\/strong> foi publicado no Di\u00e1rio Oficial da Uni\u00e3o &#8211; DOU em 18 de agosto de 2023. Os Cursos Bacharelados em Enfermagem e Odontologia foram autorizados em 28 de agosto de 2023, pela Portaria MEC\/SERES n\u00ba 318, publicada no DOU em 29 de agosto de 2023.<\/p><p>Em 2023, a mantenedora da <strong>F7<\/strong>, com a aprova\u00e7\u00e3o do Conselho Superior, transferiu a institui\u00e7\u00e3o para um pr\u00e9dio mais adequado e representativo das aspira\u00e7\u00f5es da rec\u00e9m-credenciada faculdade. A mudan\u00e7a visou n\u00e3o s\u00f3 acomodar os cursos de Enfermagem e Odontologia, que j\u00e1 contavam com laborat\u00f3rios de excelente infraestrutura para iniciar suas atividades, mas tamb\u00e9m preparar o ambiente para solicitar a autoriza\u00e7\u00e3o do curso de Bacharelado em Medicina Veterin\u00e1ria.<\/p><p>Al\u00e9m disso, como a <strong>F7<\/strong> oferece o \u00fanico curso de Bacharelado em Odontologia do munic\u00edpio, o compromisso com a excel\u00eancia se torna um diferencial na sua proposta educacional e no posicionamento no mercado. A institui\u00e7\u00e3o se destaca por contar com um corpo docente composto pelos melhores profissionais da regi\u00e3o, dedicados a proporcionar uma forma\u00e7\u00e3o acad\u00eamica de alta qualidade para os estudantes. Para Enfermagem a nova sede tamb\u00e9m disp\u00f5e de todo o aparato f\u00edsico estrutural para o bom desenvolvimento das atividades acad\u00eamicas.<\/p><p>Em 2024, a <strong>F7<\/strong> protocolou junto ao MEC o pedido de autoriza\u00e7\u00e3o do Curso Bacharelado em Medicina Veterin\u00e1ria, considerando que Paragominas n\u00e3o oferta esta forma\u00e7\u00e3o. A mantenedora, atrav\u00e9s de um estudo qualitativo e quantitativo, identificou que o mun\u00edcipio tem forte voca\u00e7\u00e3o agropecu\u00e1ria, sendo um dos l\u00edderes na produ\u00e7\u00e3o de gado e culturas agr\u00edcolas na regi\u00e3o Norte do Brasil. A presen\u00e7a de um curso proposto apoiar\u00e1 diretamente esse setor, fornecendo conhecimento t\u00e9cnico e pesquisa aplicada para o manejo adequado de animais e a preven\u00e7\u00e3o de doen\u00e7as, o que \u00e9 fundamental para a sustentabilidade e crescimento da agropecu\u00e1ria local, regional e nacional.<\/p><p>Com base nesse panorama, \u00e9 evidente que a <strong>Faculdade de Ensino Sete &#8211; F7<\/strong> n\u00e3o apenas alcan\u00e7ou suas aspira\u00e7\u00f5es iniciais, mas est\u00e1 se expandindo de maneira significativa para atender \u00e0s necessidades e potenciais locais. A vis\u00e3o estrat\u00e9gica do mantenedor, aliada \u00e0 resposta r\u00e1pida \u00e0s demandas regionais, demonstra um compromisso cont\u00ednuo com a qualidade educacional e o desenvolvimento social.<\/p><p>Por meio dessas a\u00e7\u00f5es, a <strong>F7<\/strong> solidifica seu papel como um pilar fundamental na forma\u00e7\u00e3o de profissionais altamente qualificados e na promo\u00e7\u00e3o do progresso econ\u00f4mico e social de Paragominas e regi\u00e3o. Assim, a institui\u00e7\u00e3o segue adiante, fortalecida por uma base s\u00f3lida e pronta para enfrentar os desafios futuros, contribuindo significativamente para a sa\u00fade e bem-estar da comunidade que serve.<\/p><div style=\"text-align: justify;\"><p>A <strong data-start=\"109\" data-end=\"125\">Faculdade F7<\/strong> \u00e9 a primeira institui\u00e7\u00e3o de ensino superior com cursos presenciais em <strong data-start=\"196\" data-end=\"211\">Paragominas<\/strong>, oferecendo uma forma\u00e7\u00e3o de qualidade para transformar vidas e impulsionar carreiras. Com um ensino inovador e uma infraestrutura moderna, buscamos preparar nossos alunos para os desafios do mercado de trabalho, aliando conhecimento te\u00f3rico e pr\u00e1tico.<\/p><p>Venha fazer parte da <strong data-start=\"1090\" data-end=\"1106\">Faculdade F7<\/strong> e construa um futuro de sucesso com a gente!<\/p><\/div><\/div>\t\t\t\t\t\t\t\t<\/div>\n\t\t\t\t<\/div>\n\t\t\t\t\t<\/div>\n\t\t\t\t<\/div>\n\t\t<div class=\"elementor-element elementor-element-981c263 e-flex e-con-boxed e-con e-parent\" data-id=\"981c263\" data-element_type=\"container\">\n\t\t\t\t\t<div class=\"e-con-inner\">\n\t\t\t\t<div class=\"elementor-element elementor-element-98e3ff0 elementor-widget elementor-widget-spacer\" data-id=\"98e3ff0\" data-element_type=\"widget\" data-widget_type=\"spacer.default\">\n\t\t\t\t<div class=\"elementor-widget-container\">\n\t\t\t\t\t\t\t<div class=\"elementor-spacer\">\n\t\t\t<div class=\"elementor-spacer-inner\"><\/div>\n\t\t<\/div>\n\t\t\t\t\t\t<\/div>\n\t\t\t\t<\/div>\n\t\t\t\t\t<\/div>\n\t\t\t\t<\/div>\n\t\t\t\t<\/div>\n\t\t","protected":false},"excerpt":{"rendered":"<p>Institucional Miss\u00e3o A F7 tem como miss\u00e3o contribuir no desenvolvimento de Paragominas e regi\u00e3o atrav\u00e9s da oferta de ensino superior acess\u00edvel e qualificado, visando a forma\u00e7\u00e3o acad\u00eamica de profissionais competentes, \u00e9ticos e cidad\u00e3os. Vis\u00e3o A F7 visa ser uma institui\u00e7\u00e3o de ensino superior reconhecida no estado do Par\u00e1 como refer\u00eancia na forma\u00e7\u00e3o de profissionais competentes, [&hellip;]<\/p>\n","protected":false},"author":2,"featured_media":0,"parent":0,"menu_order":0,"comment_status":"closed","ping_status":"closed","template":"elementor_header_footer","meta":{"footnotes":""},"class_list":["post-390","page","type-page","status-publish","hentry"],"jetpack_sharing_enabled":true,"_links":{"self":[{"href":"https:\/\/faculdadef7.edu.br\/index.php\/wp-json\/wp\/v2\/pages\/390","targetHints":{"allow":["GET"]}}],"collection":[{"href":"https:\/\/faculdadef7.edu.br\/index.php\/wp-json\/wp\/v2\/pages"}],"about":[{"href":"https:\/\/faculdadef7.edu.br\/index.php\/wp-json\/wp\/v2\/types\/page"}],"author":[{"embeddable":true,"href":"https:\/\/faculdadef7.edu.br\/index.php\/wp-json\/wp\/v2\/users\/2"}],"replies":[{"embeddable":true,"href":"https:\/\/faculdadef7.edu.br\/index.php\/wp-json\/wp\/v2\/comments?post=390"}],"version-history":[{"count":22,"href":"https:\/\/faculdadef7.edu.br\/index.php\/wp-json\/wp\/v2\/pages\/390\/revisions"}],"predecessor-version":[{"id":1667,"href":"https:\/\/faculdadef7.edu.br\/index.php\/wp-json\/wp\/v2\/pages\/390\/revisions\/1667"}],"wp:attachment":[{"href":"https:\/\/faculdadef7.edu.br\/index.php\/wp-json\/wp\/v2\/media?parent=390"}],"curies":[{"name":"wp","href":"https:\/\/api.w.org\/{rel}","templated":true}]}}