{"id":424,"date":"2024-01-25T19:57:45","date_gmt":"2024-01-25T22:57:45","guid":{"rendered":"https:\/\/faculdadef7.edu.br\/?page_id=424"},"modified":"2025-10-09T10:53:06","modified_gmt":"2025-10-09T13:53:06","slug":"editais","status":"publish","type":"page","link":"https:\/\/faculdadef7.edu.br\/index.php\/editais\/","title":{"rendered":"Editais"},"content":{"rendered":"<style>.elementor-424 .elementor-element.elementor-element-50b2c9e{--display:flex;--min-height:29vh;--flex-direction:row;--container-widget-width:calc( ( 1 - var( --container-widget-flex-grow ) ) * 100% );--container-widget-height:100%;--container-widget-flex-grow:1;--container-widget-align-self:stretch;--flex-wrap-mobile:wrap;--justify-content:center;--align-items:center;}.elementor-424 .elementor-element.elementor-element-50b2c9e:not(.elementor-motion-effects-element-type-background), .elementor-424 .elementor-element.elementor-element-50b2c9e > .elementor-motion-effects-container > .elementor-motion-effects-layer{background-image:url(\"https:\/\/faculdadef7.edu.br\/wp-content\/uploads\/2024\/12\/BGNOFOTO1.png\");background-position:center center;background-repeat:no-repeat;background-size:cover;}.elementor-424 .elementor-element.elementor-element-cdda9a3{--display:flex;--align-items:center;--container-widget-width:calc( ( 1 - var( --container-widget-flex-grow ) ) * 100% );}.elementor-424 .elementor-element.elementor-element-cdda9a3.e-con{--order:-99999 \/* order start hack *\/;}.elementor-424 .elementor-element.elementor-element-44d9b3b .jeg-elementor-kit.jkit-animated-text{text-align:center;}.elementor-424 .elementor-element.elementor-element-44d9b3b .jeg-elementor-kit.jkit-animated-text .animated-text .normal-text{font-family:\"Poppins\", Sans-serif;font-size:28px;font-weight:600;}.elementor-424 .elementor-element.elementor-element-44d9b3b .jeg-elementor-kit.jkit-animated-text .animated-text .normal-text.style-color{color:#FFFFFF;}.elementor-424 .elementor-element.elementor-element-44d9b3b .jeg-elementor-kit.jkit-animated-text .animated-text .dynamic-text{font-family:\"Poppins\", Sans-serif;font-size:28px;font-weight:600;text-shadow:0px 0px 10px rgba(0,0,0,0.3);z-index:auto;}.elementor-424 .elementor-element.elementor-element-44d9b3b .jeg-elementor-kit.jkit-animated-text .animated-text .dynamic-wrapper.style-color .dynamic-text{color:var( --e-global-color-af4baec );}.elementor-424 .elementor-element.elementor-element-44d9b3b .jeg-elementor-kit.jkit-animated-text .animated-text svg path.style-color{stroke:var( --e-global-color-af4baec );}.elementor-424 .elementor-element.elementor-element-44d9b3b .jeg-elementor-kit.jkit-animated-text .animated-text svg path{stroke-width:10px;-moz-animation-duration:10s;-webkit-animation-duration:10s;-o-animation-duration:10s;-ms-animation-duration:10s;animation-duration:10s;stroke-linecap:round;stroke-linejoin:round;}.elementor-424 .elementor-element.elementor-element-44d9b3b .jeg-elementor-kit.jkit-animated-text .animated-text svg{z-index:2;}.elementor-424 .elementor-element.elementor-element-31dc819{--display:flex;--min-height:296px;--flex-direction:column;--container-widget-width:100%;--container-widget-height:initial;--container-widget-flex-grow:0;--container-widget-align-self:initial;--flex-wrap-mobile:wrap;--justify-content:center;}.elementor-424 .elementor-element.elementor-element-1e72992{--spacer-size:50px;}.elementor-widget-text-editor{font-family:var( --e-global-typography-text-font-family ), Sans-serif;font-size:var( --e-global-typography-text-font-size );font-weight:var( --e-global-typography-text-font-weight );color:var( --e-global-color-text );}.elementor-widget-text-editor.elementor-drop-cap-view-stacked .elementor-drop-cap{background-color:var( --e-global-color-primary );}.elementor-widget-text-editor.elementor-drop-cap-view-framed .elementor-drop-cap, .elementor-widget-text-editor.elementor-drop-cap-view-default .elementor-drop-cap{color:var( --e-global-color-primary );border-color:var( --e-global-color-primary );}.elementor-424 .elementor-element.elementor-element-ac92150 > .elementor-widget-container{margin:0px 0px 0px 0px;}.elementor-424 .elementor-element.elementor-element-ac92150{text-align:left;font-family:\"Poppins\", Sans-serif;font-size:20px;font-weight:400;font-style:normal;line-height:30px;color:var( --e-global-color-2d69f9b );}.elementor-424 .elementor-element.elementor-element-ac92150 p{margin-block-end:0px;}.elementor-424 .elementor-element.elementor-element-3d9cbb1 > .elementor-widget-container{margin:0px 0px 0px 0px;}.elementor-424 .elementor-element.elementor-element-3d9cbb1{text-align:left;font-family:\"Montserrat\", Sans-serif;font-size:15px;font-weight:400;font-style:normal;line-height:29px;}.elementor-424 .elementor-element.elementor-element-7946e1d{--spacer-size:50px;}.elementor-424 .elementor-element.elementor-element-8307d56{--display:flex;--flex-direction:column;--container-widget-width:calc( ( 1 - var( --container-widget-flex-grow ) ) * 100% );--container-widget-height:initial;--container-widget-flex-grow:0;--container-widget-align-self:initial;--flex-wrap-mobile:wrap;--justify-content:center;--align-items:center;}.elementor-424 .elementor-element.elementor-element-8307d56:not(.elementor-motion-effects-element-type-background), .elementor-424 .elementor-element.elementor-element-8307d56 > .elementor-motion-effects-container > .elementor-motion-effects-layer{background-color:var( --e-global-color-2d69f9b );background-image:url(\"https:\/\/faculdadef7.edu.br\/wp-content\/uploads\/2024\/12\/BGNOFOTO2.png\");}.elementor-424 .elementor-element.elementor-element-8307d56.e-con{--flex-grow:0;--flex-shrink:0;}.elementor-424 .elementor-element.elementor-element-44d213b{--spacer-size:50px;}.elementor-widget-tabs .elementor-tab-title, .elementor-widget-tabs .elementor-tab-title a{color:var( --e-global-color-primary );}.elementor-widget-tabs .elementor-tab-title.elementor-active,\n\t\t\t\t\t .elementor-widget-tabs .elementor-tab-title.elementor-active a{color:var( --e-global-color-accent );}.elementor-widget-tabs .elementor-tab-title{font-family:var( --e-global-typography-primary-font-family ), Sans-serif;font-size:var( --e-global-typography-primary-font-size );font-weight:var( --e-global-typography-primary-font-weight );}.elementor-widget-tabs .elementor-tab-content{color:var( --e-global-color-text );font-family:var( --e-global-typography-text-font-family ), Sans-serif;font-size:var( --e-global-typography-text-font-size );font-weight:var( --e-global-typography-text-font-weight );}.elementor-424 .elementor-element.elementor-element-30fef14{width:100%;max-width:100%;}.elementor-424 .elementor-element.elementor-element-30fef14 > .elementor-widget-container{background-color:#F6F6F6;border-radius:20px 20px 20px 20px;}.elementor-424 .elementor-element.elementor-element-30fef14.elementor-element{--order:99999 \/* order end hack *\/;}.elementor-424 .elementor-element.elementor-element-30fef14 .elementor-tabs-wrapper{width:29%;}.elementor-424 .elementor-element.elementor-element-30fef14 .elementor-tab-title, .elementor-424 .elementor-element.elementor-element-30fef14 .elementor-tab-title:before, .elementor-424 .elementor-element.elementor-element-30fef14 .elementor-tab-title:after, .elementor-424 .elementor-element.elementor-element-30fef14 .elementor-tab-content, .elementor-424 .elementor-element.elementor-element-30fef14 .elementor-tabs-content-wrapper{border-width:0px;}.elementor-424 .elementor-element.elementor-element-30fef14 .elementor-tab-desktop-title.elementor-active{background-color:#FFFFFF;}.elementor-424 .elementor-element.elementor-element-30fef14 .elementor-tabs-content-wrapper{background-color:#FFFFFF;}.elementor-424 .elementor-element.elementor-element-30fef14 .elementor-tab-title.elementor-active,\n\t\t\t\t\t .elementor-424 .elementor-element.elementor-element-30fef14 .elementor-tab-title.elementor-active a{color:var( --e-global-color-2d69f9b );}.elementor-424 .elementor-element.elementor-element-30fef14 .elementor-tab-title{font-family:\"Montserrat\", Sans-serif;font-size:14px;font-weight:800;}.elementor-424 .elementor-element.elementor-element-30fef14 .elementor-tab-content{color:#576F59;font-family:\"Sora\", Sans-serif;font-size:16px;font-weight:400;}.elementor-424 .elementor-element.elementor-element-379046d{--spacer-size:50px;}.elementor-424 .elementor-element.elementor-element-379046d.elementor-element{--order:99999 \/* order end hack *\/;}.elementor-424 .elementor-element.elementor-element-2ea930a{--display:flex;--flex-direction:column;--container-widget-width:100%;--container-widget-height:initial;--container-widget-flex-grow:0;--container-widget-align-self:initial;--flex-wrap-mobile:wrap;}.elementor-424 .elementor-element.elementor-element-7ea2e5f{--display:flex;--flex-direction:row;--container-widget-width:initial;--container-widget-height:100%;--container-widget-flex-grow:1;--container-widget-align-self:stretch;--flex-wrap-mobile:wrap;--justify-content:center;}.elementor-widget-button .elementor-button{background-color:var( --e-global-color-accent );font-family:var( --e-global-typography-accent-font-family ), Sans-serif;font-size:var( --e-global-typography-accent-font-size );font-weight:var( --e-global-typography-accent-font-weight );}.elementor-424 .elementor-element.elementor-element-5c67791 .elementor-button{background-color:var( --e-global-color-primary );font-family:\"Montserrat\", Sans-serif;font-size:15px;font-weight:700;border-radius:0px 0px 0px 0px;}.elementor-424 .elementor-element.elementor-element-5697eee{--display:flex;}.elementor-424 .elementor-element.elementor-element-9064265{--spacer-size:80px;}@media(max-width:1024px){.elementor-widget-text-editor{font-size:var( --e-global-typography-text-font-size );}.elementor-widget-tabs .elementor-tab-title{font-size:var( --e-global-typography-primary-font-size );}.elementor-widget-tabs .elementor-tab-content{font-size:var( --e-global-typography-text-font-size );}.elementor-widget-button .elementor-button{font-size:var( --e-global-typography-accent-font-size );}}@media(max-width:767px){.elementor-424 .elementor-element.elementor-element-50b2c9e:not(.elementor-motion-effects-element-type-background), .elementor-424 .elementor-element.elementor-element-50b2c9e > .elementor-motion-effects-container > .elementor-motion-effects-layer{background-position:center left;background-size:464px auto;}.elementor-424 .elementor-element.elementor-element-cdda9a3{--gap:8px 8px;--row-gap:8px;--column-gap:8px;}.elementor-424 .elementor-element.elementor-element-44d9b3b .jeg-elementor-kit.jkit-animated-text .animated-text .normal-text{font-size:15px;}.elementor-424 .elementor-element.elementor-element-44d9b3b .jeg-elementor-kit.jkit-animated-text .animated-text .dynamic-text{font-size:15px;}.elementor-424 .elementor-element.elementor-element-31dc819{--padding-top:30px;--padding-bottom:30px;--padding-left:30px;--padding-right:30px;}.elementor-424 .elementor-element.elementor-element-1e72992{--spacer-size:5px;}.elementor-widget-text-editor{font-size:var( --e-global-typography-text-font-size );}.elementor-424 .elementor-element.elementor-element-ac92150.elementor-element{--align-self:center;}.elementor-424 .elementor-element.elementor-element-ac92150{text-align:center;font-size:15px;line-height:1.5em;}.elementor-424 .elementor-element.elementor-element-ac92150 p{margin-block-end:0px;}.elementor-424 .elementor-element.elementor-element-3d9cbb1{font-size:12px;line-height:1.8em;}.elementor-424 .elementor-element.elementor-element-7946e1d{--spacer-size:5px;}.elementor-424 .elementor-element.elementor-element-8307d56{--content-width:1600px;}.elementor-widget-tabs .elementor-tab-title{font-size:var( --e-global-typography-primary-font-size );}.elementor-widget-tabs .elementor-tab-content{font-size:var( --e-global-typography-text-font-size );}.elementor-424 .elementor-element.elementor-element-30fef14{width:var( --container-widget-width, 349.2px );max-width:349.2px;--container-widget-width:349.2px;--container-widget-flex-grow:0;}.elementor-widget-button .elementor-button{font-size:var( --e-global-typography-accent-font-size );}}@media(min-width:1025px){.elementor-424 .elementor-element.elementor-element-50b2c9e:not(.elementor-motion-effects-element-type-background), .elementor-424 .elementor-element.elementor-element-50b2c9e > .elementor-motion-effects-container > .elementor-motion-effects-layer{background-attachment:fixed;}.elementor-424 .elementor-element.elementor-element-8307d56:not(.elementor-motion-effects-element-type-background), .elementor-424 .elementor-element.elementor-element-8307d56 > .elementor-motion-effects-container > .elementor-motion-effects-layer{background-attachment:fixed;}}<\/style>\t\t<div data-elementor-type=\"wp-page\" data-elementor-id=\"424\" class=\"elementor elementor-424\" data-elementor-post-type=\"page\">\n\t\t\t\t<div class=\"elementor-element elementor-element-50b2c9e e-con-full e-flex e-con e-parent\" data-id=\"50b2c9e\" data-element_type=\"container\" data-settings=\"{&quot;background_background&quot;:&quot;classic&quot;}\">\n\t\t<div class=\"elementor-element elementor-element-cdda9a3 e-con-full e-flex e-con e-child\" data-id=\"cdda9a3\" data-element_type=\"container\">\n\t\t\t\t<div class=\"elementor-element elementor-element-44d9b3b elementor-widget elementor-widget-jkit_animated_text\" data-id=\"44d9b3b\" data-element_type=\"widget\" data-widget_type=\"jkit_animated_text.default\">\n\t\t\t\t<div class=\"elementor-widget-container\">\n\t\t\t\t\t<div  class=\"jeg-elementor-kit jkit-animated-text jeg_module___69de746fbf33e\"  data-style=\"highlighted\" data-text=\"F7\" data-shape=\"underline-zigzag\"><p class=\"animated-text\"><span class=\"normal-text style-color\">Editais <\/span><span class=\"dynamic-wrapper style-color\"><span class=\"dynamic-text\">F7<\/span><svg xmlns=\"http:\/\/www.w3.org\/2000\/svg\" viewBox=\"0 0 500 150\" preserveAspectRatio=\"none\"><path class=\"style-color\"  d=\"M9.5,52.5s361-31,478,0\" transform=\"translate(-9.11 -34.22)\"\/><path class=\"style-color\"  d=\"M484.5,55.5s-386-2-432,15c0,0,317-12,358,5,0,0-177-4-227,11\" transform=\"translate(-9.11 -34.22)\"\/><\/svg><\/span><span class=\"normal-text style-color\"><\/span><\/p><\/div>\t\t\t\t<\/div>\n\t\t\t\t<\/div>\n\t\t\t\t<\/div>\n\t\t\t\t<\/div>\n\t\t<div class=\"elementor-element elementor-element-31dc819 e-flex e-con-boxed e-con e-parent\" data-id=\"31dc819\" data-element_type=\"container\">\n\t\t\t\t\t<div class=\"e-con-inner\">\n\t\t\t\t<div class=\"elementor-element elementor-element-1e72992 elementor-widget elementor-widget-spacer\" data-id=\"1e72992\" data-element_type=\"widget\" data-widget_type=\"spacer.default\">\n\t\t\t\t<div class=\"elementor-widget-container\">\n\t\t\t\t\t\t\t<div class=\"elementor-spacer\">\n\t\t\t<div class=\"elementor-spacer-inner\"><\/div>\n\t\t<\/div>\n\t\t\t\t\t\t<\/div>\n\t\t\t\t<\/div>\n\t\t\t\t<div class=\"elementor-element elementor-element-ac92150 elementor-widget elementor-widget-text-editor\" data-id=\"ac92150\" data-element_type=\"widget\" data-widget_type=\"text-editor.default\">\n\t\t\t\t<div class=\"elementor-widget-container\">\n\t\t\t\t\t\t\t\t\t<p style=\"text-align: center;\"><strong>Fique por dentro de todos os editais publicados<\/strong><\/p>\t\t\t\t\t\t\t\t<\/div>\n\t\t\t\t<\/div>\n\t\t\t\t<div class=\"elementor-element elementor-element-3d9cbb1 elementor-widget elementor-widget-text-editor\" data-id=\"3d9cbb1\" data-element_type=\"widget\" data-widget_type=\"text-editor.default\">\n\t\t\t\t<div class=\"elementor-widget-container\">\n\t\t\t\t\t\t\t\t\t<div style=\"text-align: justify;\"><p data-start=\"32\" data-end=\"286\" data-raofz=\"15\">Bem-vindo \u00e0 p\u00e1gina de editais da Faculdade FAM! Aqui, voc\u00ea encontra todas as publica\u00e7\u00f5es oficiais da institui\u00e7\u00e3o, incluindo processos seletivos, matr\u00edculas, programas acad\u00eamicos, regulamentos e outras informa\u00e7\u00f5es essenciais para a comunidade acad\u00eamica.<\/p><p data-start=\"288\" data-end=\"441\" data-is-last-node=\"\" data-raofz=\"15\">Fique atento \u00e0s atualiza\u00e7\u00f5es e prazos para n\u00e3o perder nenhuma oportunidade. Para mais detalhes, clique no edital desejado e confira todas as informa\u00e7\u00f5es.<\/p><\/div>\t\t\t\t\t\t\t\t<\/div>\n\t\t\t\t<\/div>\n\t\t\t\t<div class=\"elementor-element elementor-element-7946e1d elementor-widget elementor-widget-spacer\" data-id=\"7946e1d\" data-element_type=\"widget\" data-widget_type=\"spacer.default\">\n\t\t\t\t<div class=\"elementor-widget-container\">\n\t\t\t\t\t\t\t<div class=\"elementor-spacer\">\n\t\t\t<div class=\"elementor-spacer-inner\"><\/div>\n\t\t<\/div>\n\t\t\t\t\t\t<\/div>\n\t\t\t\t<\/div>\n\t\t\t\t\t<\/div>\n\t\t\t\t<\/div>\n\t\t<div class=\"elementor-element elementor-element-8307d56 e-flex e-con-boxed e-con e-parent\" data-id=\"8307d56\" data-element_type=\"container\" data-settings=\"{&quot;background_background&quot;:&quot;classic&quot;}\">\n\t\t\t\t\t<div class=\"e-con-inner\">\n\t\t\t\t<div class=\"elementor-element elementor-element-44d213b elementor-widget elementor-widget-spacer\" data-id=\"44d213b\" data-element_type=\"widget\" data-widget_type=\"spacer.default\">\n\t\t\t\t<div class=\"elementor-widget-container\">\n\t\t\t\t\t\t\t<div class=\"elementor-spacer\">\n\t\t\t<div class=\"elementor-spacer-inner\"><\/div>\n\t\t<\/div>\n\t\t\t\t\t\t<\/div>\n\t\t\t\t<\/div>\n\t\t\t\t<div class=\"elementor-element elementor-element-30fef14 elementor-tabs-view-vertical elementor-widget__width-inherit elementor-widget-mobile__width-initial elementor-widget elementor-widget-tabs\" data-id=\"30fef14\" data-element_type=\"widget\" data-widget_type=\"tabs.default\">\n\t\t\t\t<div class=\"elementor-widget-container\">\n\t\t\t\t\t\t\t<div class=\"elementor-tabs\">\n\t\t\t<div class=\"elementor-tabs-wrapper\" role=\"tablist\" >\n\t\t\t\t\t\t\t\t\t<div id=\"elementor-tab-title-5131\" class=\"elementor-tab-title elementor-tab-desktop-title\" aria-selected=\"true\" data-tab=\"1\" role=\"tab\" tabindex=\"0\" aria-controls=\"elementor-tab-content-5131\" aria-expanded=\"false\">2026.1<\/div>\n\t\t\t\t\t\t\t\t\t<div id=\"elementor-tab-title-5132\" class=\"elementor-tab-title elementor-tab-desktop-title\" aria-selected=\"false\" data-tab=\"2\" role=\"tab\" tabindex=\"-1\" aria-controls=\"elementor-tab-content-5132\" aria-expanded=\"false\">2025.2<\/div>\n\t\t\t\t\t\t\t\t\t<div id=\"elementor-tab-title-5133\" class=\"elementor-tab-title elementor-tab-desktop-title\" aria-selected=\"false\" data-tab=\"3\" role=\"tab\" tabindex=\"-1\" aria-controls=\"elementor-tab-content-5133\" aria-expanded=\"false\">2025.1<\/div>\n\t\t\t\t\t\t\t\t\t<div id=\"elementor-tab-title-5134\" class=\"elementor-tab-title elementor-tab-desktop-title\" aria-selected=\"false\" data-tab=\"4\" role=\"tab\" tabindex=\"-1\" aria-controls=\"elementor-tab-content-5134\" aria-expanded=\"false\">2024.1<\/div>\n\t\t\t\t\t\t\t<\/div>\n\t\t\t<div class=\"elementor-tabs-content-wrapper\" role=\"tablist\" aria-orientation=\"vertical\">\n\t\t\t\t\t\t\t\t\t<div class=\"elementor-tab-title elementor-tab-mobile-title\" aria-selected=\"true\" data-tab=\"1\" role=\"tab\" tabindex=\"0\" aria-controls=\"elementor-tab-content-5131\" aria-expanded=\"false\">2026.1<\/div>\n\t\t\t\t\t<div id=\"elementor-tab-content-5131\" class=\"elementor-tab-content elementor-clearfix\" data-tab=\"1\" role=\"tabpanel\" aria-labelledby=\"elementor-tab-title-5131\" tabindex=\"0\" hidden=\"false\"><p><a href=\"https:\/\/faculdadef7.edu.br\/wp-content\/uploads\/2025\/10\/EDITAL-F7-2026.1.pdf\">Edital &#8211; Vestibular Faculdade F7 2026.1<\/a><\/p><\/div>\n\t\t\t\t\t\t\t\t\t<div class=\"elementor-tab-title elementor-tab-mobile-title\" aria-selected=\"false\" data-tab=\"2\" role=\"tab\" tabindex=\"-1\" aria-controls=\"elementor-tab-content-5132\" aria-expanded=\"false\">2025.2<\/div>\n\t\t\t\t\t<div id=\"elementor-tab-content-5132\" class=\"elementor-tab-content elementor-clearfix\" data-tab=\"2\" role=\"tabpanel\" aria-labelledby=\"elementor-tab-title-5132\" tabindex=\"0\" hidden=\"hidden\"><p><a href=\"https:\/\/faculdadef7.edu.br\/wp-content\/uploads\/2025\/05\/EDITAL-F7-2025.2-DIREITO-ASSINADO.pdf\">Edital &#8211; Bacharelado em Direito &#8211;\u00a0 Faculdade F7<\/a><\/p><p><a href=\"https:\/\/faculdadef7.edu.br\/wp-content\/uploads\/2025\/09\/EDITAL-F7-2025.2-MED.-VET.pdf\">Edital &#8211; Bacharelado em Medicina Veterin\u00e1ria &#8211; Faculdade F7<\/a><\/p><\/div>\n\t\t\t\t\t\t\t\t\t<div class=\"elementor-tab-title elementor-tab-mobile-title\" aria-selected=\"false\" data-tab=\"3\" role=\"tab\" tabindex=\"-1\" aria-controls=\"elementor-tab-content-5133\" aria-expanded=\"false\">2025.1<\/div>\n\t\t\t\t\t<div id=\"elementor-tab-content-5133\" class=\"elementor-tab-content elementor-clearfix\" data-tab=\"3\" role=\"tabpanel\" aria-labelledby=\"elementor-tab-title-5133\" tabindex=\"0\" hidden=\"hidden\"><p><a href=\"https:\/\/faculdadef7.edu.br\/wp-content\/uploads\/2024\/11\/EDITAL-F7-2025.1.pdf\">Edital &#8211; Vestibular F7 2025.1<\/a><\/p><\/div>\n\t\t\t\t\t\t\t\t\t<div class=\"elementor-tab-title elementor-tab-mobile-title\" aria-selected=\"false\" data-tab=\"4\" role=\"tab\" tabindex=\"-1\" aria-controls=\"elementor-tab-content-5134\" aria-expanded=\"false\">2024.1<\/div>\n\t\t\t\t\t<div id=\"elementor-tab-content-5134\" class=\"elementor-tab-content elementor-clearfix\" data-tab=\"4\" role=\"tabpanel\" aria-labelledby=\"elementor-tab-title-5134\" tabindex=\"0\" hidden=\"hidden\"><p><a href=\"https:\/\/faculdadef7.edu.br\/wp-content\/uploads\/2024\/11\/EDITAL-F7-2024-9.pdf\">Edital &#8211; Vestibular F7 2024.1<\/a><\/p><\/div>\n\t\t\t\t\t\t\t<\/div>\n\t\t<\/div>\n\t\t\t\t\t\t<\/div>\n\t\t\t\t<\/div>\n\t\t\t\t<div class=\"elementor-element elementor-element-379046d elementor-widget elementor-widget-spacer\" data-id=\"379046d\" data-element_type=\"widget\" data-widget_type=\"spacer.default\">\n\t\t\t\t<div class=\"elementor-widget-container\">\n\t\t\t\t\t\t\t<div class=\"elementor-spacer\">\n\t\t\t<div class=\"elementor-spacer-inner\"><\/div>\n\t\t<\/div>\n\t\t\t\t\t\t<\/div>\n\t\t\t\t<\/div>\n\t\t\t\t\t<\/div>\n\t\t\t\t<\/div>\n\t\t<div class=\"elementor-element elementor-element-2ea930a e-flex e-con-boxed e-con e-parent\" data-id=\"2ea930a\" data-element_type=\"container\">\n\t\t\t\t\t<div class=\"e-con-inner\">\n\t\t<div class=\"elementor-element elementor-element-7ea2e5f e-flex e-con-boxed e-con e-child\" data-id=\"7ea2e5f\" data-element_type=\"container\">\n\t\t\t\t\t<div class=\"e-con-inner\">\n\t\t\t\t<div class=\"elementor-element elementor-element-5c67791 elementor-widget elementor-widget-button\" data-id=\"5c67791\" data-element_type=\"widget\" data-widget_type=\"button.default\">\n\t\t\t\t<div class=\"elementor-widget-container\">\n\t\t\t\t\t\t\t\t\t<div class=\"elementor-button-wrapper\">\n\t\t\t\t\t<a class=\"elementor-button elementor-button-link elementor-size-sm elementor-animation-grow\" href=\"https:\/\/faculdadef7.edu.br\/index.php\/vestibular\">\n\t\t\t\t\t\t<span class=\"elementor-button-content-wrapper\">\n\t\t\t\t\t\t\t\t\t<span class=\"elementor-button-text\">PORTAL DO VESTIBULAR<\/span>\n\t\t\t\t\t<\/span>\n\t\t\t\t\t<\/a>\n\t\t\t\t<\/div>\n\t\t\t\t\t\t\t\t<\/div>\n\t\t\t\t<\/div>\n\t\t\t\t\t<\/div>\n\t\t\t\t<\/div>\n\t\t\t\t\t<\/div>\n\t\t\t\t<\/div>\n\t\t<div class=\"elementor-element elementor-element-5697eee e-flex e-con-boxed e-con e-parent\" data-id=\"5697eee\" data-element_type=\"container\">\n\t\t\t\t\t<div class=\"e-con-inner\">\n\t\t\t\t<div class=\"elementor-element elementor-element-9064265 elementor-widget elementor-widget-spacer\" data-id=\"9064265\" data-element_type=\"widget\" data-widget_type=\"spacer.default\">\n\t\t\t\t<div class=\"elementor-widget-container\">\n\t\t\t\t\t\t\t<div class=\"elementor-spacer\">\n\t\t\t<div class=\"elementor-spacer-inner\"><\/div>\n\t\t<\/div>\n\t\t\t\t\t\t<\/div>\n\t\t\t\t<\/div>\n\t\t\t\t\t<\/div>\n\t\t\t\t<\/div>\n\t\t\t\t<\/div>\n\t\t","protected":false},"excerpt":{"rendered":"<p>Editais F7 Fique por dentro de todos os editais publicados Bem-vindo \u00e0 p\u00e1gina de editais da Faculdade FAM! Aqui, voc\u00ea encontra todas as publica\u00e7\u00f5es oficiais da institui\u00e7\u00e3o, incluindo processos seletivos, matr\u00edculas, programas acad\u00eamicos, regulamentos e outras informa\u00e7\u00f5es essenciais para a comunidade acad\u00eamica. Fique atento \u00e0s atualiza\u00e7\u00f5es e prazos para n\u00e3o perder nenhuma oportunidade. Para mais [&hellip;]<\/p>\n","protected":false},"author":2,"featured_media":0,"parent":0,"menu_order":0,"comment_status":"closed","ping_status":"closed","template":"elementor_header_footer","meta":{"footnotes":""},"class_list":["post-424","page","type-page","status-publish","hentry"],"jetpack_sharing_enabled":true,"_links":{"self":[{"href":"https:\/\/faculdadef7.edu.br\/index.php\/wp-json\/wp\/v2\/pages\/424","targetHints":{"allow":["GET"]}}],"collection":[{"href":"https:\/\/faculdadef7.edu.br\/index.php\/wp-json\/wp\/v2\/pages"}],"about":[{"href":"https:\/\/faculdadef7.edu.br\/index.php\/wp-json\/wp\/v2\/types\/page"}],"author":[{"embeddable":true,"href":"https:\/\/faculdadef7.edu.br\/index.php\/wp-json\/wp\/v2\/users\/2"}],"replies":[{"embeddable":true,"href":"https:\/\/faculdadef7.edu.br\/index.php\/wp-json\/wp\/v2\/comments?post=424"}],"version-history":[{"count":74,"href":"https:\/\/faculdadef7.edu.br\/index.php\/wp-json\/wp\/v2\/pages\/424\/revisions"}],"predecessor-version":[{"id":1912,"href":"https:\/\/faculdadef7.edu.br\/index.php\/wp-json\/wp\/v2\/pages\/424\/revisions\/1912"}],"wp:attachment":[{"href":"https:\/\/faculdadef7.edu.br\/index.php\/wp-json\/wp\/v2\/media?parent=424"}],"curies":[{"name":"wp","href":"https:\/\/api.w.org\/{rel}","templated":true}]}}