{"id":564,"date":"2024-07-24T19:01:58","date_gmt":"2024-07-24T22:01:58","guid":{"rendered":"https:\/\/faculdadef7.edu.br\/?page_id=564"},"modified":"2025-02-24T10:16:19","modified_gmt":"2025-02-24T13:16:19","slug":"cpa","status":"publish","type":"page","link":"https:\/\/faculdadef7.edu.br\/index.php\/cpa\/","title":{"rendered":"CPA"},"content":{"rendered":"<style>.elementor-564 .elementor-element.elementor-element-5152ede{--display:flex;--min-height:29vh;--flex-direction:row;--container-widget-width:calc( ( 1 - var( --container-widget-flex-grow ) ) * 100% );--container-widget-height:100%;--container-widget-flex-grow:1;--container-widget-align-self:stretch;--flex-wrap-mobile:wrap;--justify-content:center;--align-items:center;}.elementor-564 .elementor-element.elementor-element-5152ede:not(.elementor-motion-effects-element-type-background), .elementor-564 .elementor-element.elementor-element-5152ede > .elementor-motion-effects-container > .elementor-motion-effects-layer{background-image:url(\"https:\/\/faculdadef7.edu.br\/wp-content\/uploads\/2024\/12\/BGNOFOTO1.png\");background-position:center center;background-repeat:no-repeat;background-size:cover;}.elementor-564 .elementor-element.elementor-element-656eb73{--display:flex;--align-items:center;--container-widget-width:calc( ( 1 - var( --container-widget-flex-grow ) ) * 100% );}.elementor-564 .elementor-element.elementor-element-656eb73.e-con{--order:-99999 \/* order start hack *\/;}.elementor-564 .elementor-element.elementor-element-612a06a .jeg-elementor-kit.jkit-animated-text{text-align:center;}.elementor-564 .elementor-element.elementor-element-612a06a .jeg-elementor-kit.jkit-animated-text .animated-text .normal-text{font-family:var( --e-global-typography-659b561-font-family ), Sans-serif;font-size:var( --e-global-typography-659b561-font-size );font-weight:var( --e-global-typography-659b561-font-weight );}.elementor-564 .elementor-element.elementor-element-612a06a .jeg-elementor-kit.jkit-animated-text .animated-text .normal-text.style-color{color:#FFFFFF;}.elementor-564 .elementor-element.elementor-element-612a06a .jeg-elementor-kit.jkit-animated-text .animated-text .dynamic-text{font-family:var( --e-global-typography-659b561-font-family ), Sans-serif;font-size:var( --e-global-typography-659b561-font-size );font-weight:var( --e-global-typography-659b561-font-weight );text-shadow:0px 0px 10px rgba(0,0,0,0.3);z-index:auto;}.elementor-564 .elementor-element.elementor-element-612a06a .jeg-elementor-kit.jkit-animated-text .animated-text .dynamic-wrapper.style-color .dynamic-text{color:var( --e-global-color-af4baec );}.elementor-564 .elementor-element.elementor-element-612a06a .jeg-elementor-kit.jkit-animated-text .animated-text svg path.style-color{stroke:var( --e-global-color-af4baec );}.elementor-564 .elementor-element.elementor-element-612a06a .jeg-elementor-kit.jkit-animated-text .animated-text svg path{stroke-width:10px;-moz-animation-duration:10s;-webkit-animation-duration:10s;-o-animation-duration:10s;-ms-animation-duration:10s;animation-duration:10s;stroke-linecap:round;stroke-linejoin:round;}.elementor-564 .elementor-element.elementor-element-612a06a .jeg-elementor-kit.jkit-animated-text .animated-text svg{z-index:2;}.elementor-564 .elementor-element.elementor-element-1c1dc57{--display:flex;--min-height:296px;--flex-direction:column;--container-widget-width:100%;--container-widget-height:initial;--container-widget-flex-grow:0;--container-widget-align-self:initial;--flex-wrap-mobile:wrap;--justify-content:center;}.elementor-widget-text-editor{font-family:var( --e-global-typography-text-font-family ), Sans-serif;font-size:var( --e-global-typography-text-font-size );font-weight:var( --e-global-typography-text-font-weight );color:var( --e-global-color-text );}.elementor-widget-text-editor.elementor-drop-cap-view-stacked .elementor-drop-cap{background-color:var( --e-global-color-primary );}.elementor-widget-text-editor.elementor-drop-cap-view-framed .elementor-drop-cap, .elementor-widget-text-editor.elementor-drop-cap-view-default .elementor-drop-cap{color:var( --e-global-color-primary );border-color:var( --e-global-color-primary );}.elementor-564 .elementor-element.elementor-element-97bd35b > .elementor-widget-container{margin:0px 0px 0px 0px;}.elementor-564 .elementor-element.elementor-element-97bd35b{text-align:left;font-family:\"Poppins\", Sans-serif;font-size:16px;font-weight:500;font-style:normal;line-height:29px;color:#252525;}.elementor-564 .elementor-element.elementor-element-80c6ebd{--spacer-size:50px;}.elementor-564 .elementor-element.elementor-element-5f03c42{--spacer-size:50px;}.elementor-564 .elementor-element.elementor-element-5f03c42.elementor-element{--order:-99999 \/* order start hack *\/;}.elementor-564 .elementor-element.elementor-element-125c0c8{--display:flex;--flex-direction:column;--container-widget-width:calc( ( 1 - var( --container-widget-flex-grow ) ) * 100% );--container-widget-height:initial;--container-widget-flex-grow:0;--container-widget-align-self:initial;--flex-wrap-mobile:wrap;--justify-content:center;--align-items:center;}.elementor-564 .elementor-element.elementor-element-125c0c8:not(.elementor-motion-effects-element-type-background), .elementor-564 .elementor-element.elementor-element-125c0c8 > .elementor-motion-effects-container > .elementor-motion-effects-layer{background-color:var( --e-global-color-2d69f9b );background-image:url(\"https:\/\/faculdadef7.edu.br\/wp-content\/uploads\/2024\/12\/BGNOFOTO2.png\");}.elementor-564 .elementor-element.elementor-element-125c0c8.e-con{--flex-grow:0;--flex-shrink:0;}.elementor-widget-tabs .elementor-tab-title, .elementor-widget-tabs .elementor-tab-title a{color:var( --e-global-color-primary );}.elementor-widget-tabs .elementor-tab-title.elementor-active,\n\t\t\t\t\t .elementor-widget-tabs .elementor-tab-title.elementor-active a{color:var( --e-global-color-accent );}.elementor-widget-tabs .elementor-tab-title{font-family:var( --e-global-typography-primary-font-family ), Sans-serif;font-size:var( --e-global-typography-primary-font-size );font-weight:var( --e-global-typography-primary-font-weight );}.elementor-widget-tabs .elementor-tab-content{color:var( --e-global-color-text );font-family:var( --e-global-typography-text-font-family ), Sans-serif;font-size:var( --e-global-typography-text-font-size );font-weight:var( --e-global-typography-text-font-weight );}.elementor-564 .elementor-element.elementor-element-9f70701{width:100%;max-width:100%;}.elementor-564 .elementor-element.elementor-element-9f70701 > .elementor-widget-container{background-color:#F6F6F6;border-radius:20px 20px 20px 20px;}.elementor-564 .elementor-element.elementor-element-9f70701.elementor-element{--order:99999 \/* order end hack *\/;}.elementor-564 .elementor-element.elementor-element-9f70701 .elementor-tabs-wrapper{width:29%;}.elementor-564 .elementor-element.elementor-element-9f70701 .elementor-tab-title, .elementor-564 .elementor-element.elementor-element-9f70701 .elementor-tab-title:before, .elementor-564 .elementor-element.elementor-element-9f70701 .elementor-tab-title:after, .elementor-564 .elementor-element.elementor-element-9f70701 .elementor-tab-content, .elementor-564 .elementor-element.elementor-element-9f70701 .elementor-tabs-content-wrapper{border-width:0px;}.elementor-564 .elementor-element.elementor-element-9f70701 .elementor-tab-desktop-title.elementor-active{background-color:#FFFFFF;}.elementor-564 .elementor-element.elementor-element-9f70701 .elementor-tabs-content-wrapper{background-color:#FFFFFF;}.elementor-564 .elementor-element.elementor-element-9f70701 .elementor-tab-title.elementor-active,\n\t\t\t\t\t .elementor-564 .elementor-element.elementor-element-9f70701 .elementor-tab-title.elementor-active a{color:var( --e-global-color-2d69f9b );}.elementor-564 .elementor-element.elementor-element-9f70701 .elementor-tab-title{font-family:\"Montserrat\", Sans-serif;font-size:14px;font-weight:800;}.elementor-564 .elementor-element.elementor-element-9f70701 .elementor-tab-content{color:#576F59;font-family:\"Sora\", Sans-serif;font-size:16px;font-weight:400;}.elementor-564 .elementor-element.elementor-element-9bf97e2{--spacer-size:50px;}.elementor-564 .elementor-element.elementor-element-ac56b55{--spacer-size:50px;}.elementor-564 .elementor-element.elementor-element-ac56b55.elementor-element{--order:99999 \/* order end hack *\/;}.elementor-564 .elementor-element.elementor-element-822cb09{--display:flex;--flex-direction:row;--container-widget-width:initial;--container-widget-height:100%;--container-widget-flex-grow:1;--container-widget-align-self:stretch;--flex-wrap-mobile:wrap;--justify-content:space-between;--gap:0px 0px;--row-gap:0px;--column-gap:0px;--flex-wrap:wrap;}.elementor-564 .elementor-element.elementor-element-822cb09:not(.elementor-motion-effects-element-type-background), .elementor-564 .elementor-element.elementor-element-822cb09 > .elementor-motion-effects-container > .elementor-motion-effects-layer{background-color:#FFFFFF;}.elementor-564 .elementor-element.elementor-element-2ace62a{--display:flex;}.elementor-564 .elementor-element.elementor-element-bba33e2{--spacer-size:50px;}@media(min-width:1025px){.elementor-564 .elementor-element.elementor-element-5152ede:not(.elementor-motion-effects-element-type-background), .elementor-564 .elementor-element.elementor-element-5152ede > .elementor-motion-effects-container > .elementor-motion-effects-layer{background-attachment:fixed;}.elementor-564 .elementor-element.elementor-element-125c0c8:not(.elementor-motion-effects-element-type-background), .elementor-564 .elementor-element.elementor-element-125c0c8 > .elementor-motion-effects-container > .elementor-motion-effects-layer{background-attachment:fixed;}}@media(max-width:1024px){.elementor-564 .elementor-element.elementor-element-612a06a .jeg-elementor-kit.jkit-animated-text .animated-text .normal-text{font-size:var( --e-global-typography-659b561-font-size );}.elementor-564 .elementor-element.elementor-element-612a06a .jeg-elementor-kit.jkit-animated-text .animated-text .dynamic-text{font-size:var( --e-global-typography-659b561-font-size );}.elementor-widget-text-editor{font-size:var( --e-global-typography-text-font-size );}.elementor-widget-tabs .elementor-tab-title{font-size:var( --e-global-typography-primary-font-size );}.elementor-widget-tabs .elementor-tab-content{font-size:var( --e-global-typography-text-font-size );}}@media(max-width:767px){.elementor-564 .elementor-element.elementor-element-612a06a .jeg-elementor-kit.jkit-animated-text .animated-text .normal-text{font-size:var( --e-global-typography-659b561-font-size );}.elementor-564 .elementor-element.elementor-element-612a06a .jeg-elementor-kit.jkit-animated-text .animated-text .dynamic-text{font-size:var( --e-global-typography-659b561-font-size );}.elementor-widget-text-editor{font-size:var( --e-global-typography-text-font-size );}.elementor-564 .elementor-element.elementor-element-125c0c8{--content-width:1600px;}.elementor-widget-tabs .elementor-tab-title{font-size:var( --e-global-typography-primary-font-size );}.elementor-widget-tabs .elementor-tab-content{font-size:var( --e-global-typography-text-font-size );}.elementor-564 .elementor-element.elementor-element-9f70701{width:var( --container-widget-width, 349.2px );max-width:349.2px;--container-widget-width:349.2px;--container-widget-flex-grow:0;}.elementor-564 .elementor-element.elementor-element-822cb09{--min-height:0px;}}<\/style>\t\t<div data-elementor-type=\"wp-page\" data-elementor-id=\"564\" class=\"elementor elementor-564\" data-elementor-post-type=\"page\">\n\t\t\t\t<div class=\"elementor-element elementor-element-5152ede e-con-full e-flex e-con e-parent\" data-id=\"5152ede\" data-element_type=\"container\" data-settings=\"{&quot;background_background&quot;:&quot;classic&quot;}\">\n\t\t<div class=\"elementor-element elementor-element-656eb73 e-con-full e-flex e-con e-child\" data-id=\"656eb73\" data-element_type=\"container\">\n\t\t\t\t<div class=\"elementor-element elementor-element-612a06a elementor-widget elementor-widget-jkit_animated_text\" data-id=\"612a06a\" data-element_type=\"widget\" data-widget_type=\"jkit_animated_text.default\">\n\t\t\t\t<div class=\"elementor-widget-container\">\n\t\t\t\t\t<div  class=\"jeg-elementor-kit jkit-animated-text jeg_module___69de77c44b1fa\"  data-style=\"highlighted\" data-text=\"CPA\" data-shape=\"underline-zigzag\"><p class=\"animated-text\"><span class=\"normal-text style-color\">Comiss\u00e3o Pr\u00f3pria de Avalia\u00e7\u00e3o - <\/span><span class=\"dynamic-wrapper style-color\"><span class=\"dynamic-text\">CPA<\/span><svg xmlns=\"http:\/\/www.w3.org\/2000\/svg\" viewBox=\"0 0 500 150\" preserveAspectRatio=\"none\"><path class=\"style-color\"  d=\"M9.5,52.5s361-31,478,0\" transform=\"translate(-9.11 -34.22)\"\/><path class=\"style-color\"  d=\"M484.5,55.5s-386-2-432,15c0,0,317-12,358,5,0,0-177-4-227,11\" transform=\"translate(-9.11 -34.22)\"\/><\/svg><\/span><span class=\"normal-text style-color\"><\/span><\/p><\/div>\t\t\t\t<\/div>\n\t\t\t\t<\/div>\n\t\t\t\t<\/div>\n\t\t\t\t<\/div>\n\t\t<div class=\"elementor-element elementor-element-1c1dc57 e-flex e-con-boxed e-con e-parent\" data-id=\"1c1dc57\" data-element_type=\"container\">\n\t\t\t\t\t<div class=\"e-con-inner\">\n\t\t\t\t<div class=\"elementor-element elementor-element-97bd35b elementor-widget elementor-widget-text-editor\" data-id=\"97bd35b\" data-element_type=\"widget\" data-widget_type=\"text-editor.default\">\n\t\t\t\t<div class=\"elementor-widget-container\">\n\t\t\t\t\t\t\t\t\t<div style=\"text-align: justify;\"><h5 style=\"text-align: center;\"><strong>Comiss\u00e3o Pr\u00f3pria de Avalia\u00e7\u00e3o &#8211; CPA da F7<\/strong><\/h5><p>A <strong>Comiss\u00e3o Pr\u00f3pria de Avalia\u00e7\u00e3o (CPA)<\/strong> da F7 segue as diretrizes da Lei Federal n\u00ba 10.861\/2004, que institui o <strong>Sistema Nacional de Avalia\u00e7\u00e3o da Educa\u00e7\u00e3o Superior (SINAES)<\/strong>. Sua principal fun\u00e7\u00e3o \u00e9 conduzir os processos internos de autoavalia\u00e7\u00e3o institucional, sistematizar informa\u00e7\u00f5es e atender \u00e0s demandas do <strong>INEP<\/strong>, garantindo <strong>transpar\u00eancia e aprimoramento cont\u00ednuo<\/strong> da qualidade educacional.<\/p><\/div><p>A CPA atua de forma <strong>aut\u00f4noma<\/strong>, promovendo a <strong>participa\u00e7\u00e3o ativa<\/strong> da comunidade acad\u00eamica no desenvolvimento da institui\u00e7\u00e3o. Seu trabalho fortalece o processo democr\u00e1tico interno, contribuindo para a tomada de decis\u00f5es e ajustes no <strong>Plano de Desenvolvimento Institucional (PDI)<\/strong>.<\/p><p>A comiss\u00e3o \u00e9 composta por quatro membros, representando:<\/p><ul><li><strong>Docentes<\/strong><\/li><li><strong>Discentes<\/strong><\/li><li><strong>T\u00e9cnico-administrativos<\/strong><\/li><li><strong>Sociedade civil<br \/><br \/><\/strong><\/li><\/ul><p>A CPA da F7 \u00e9 um instrumento de suma import\u00e2ncia para consolidar a <strong>qualidade da educa\u00e7\u00e3o superior<\/strong>, alinhando a avalia\u00e7\u00e3o institucional \u00e0 miss\u00e3o e aos objetivos da institui\u00e7\u00e3o.<\/p>\t\t\t\t\t\t\t\t<\/div>\n\t\t\t\t<\/div>\n\t\t\t\t<div class=\"elementor-element elementor-element-80c6ebd elementor-widget elementor-widget-spacer\" data-id=\"80c6ebd\" data-element_type=\"widget\" data-widget_type=\"spacer.default\">\n\t\t\t\t<div class=\"elementor-widget-container\">\n\t\t\t\t\t\t\t<div class=\"elementor-spacer\">\n\t\t\t<div class=\"elementor-spacer-inner\"><\/div>\n\t\t<\/div>\n\t\t\t\t\t\t<\/div>\n\t\t\t\t<\/div>\n\t\t\t\t<div class=\"elementor-element elementor-element-5f03c42 elementor-widget elementor-widget-spacer\" data-id=\"5f03c42\" data-element_type=\"widget\" data-widget_type=\"spacer.default\">\n\t\t\t\t<div class=\"elementor-widget-container\">\n\t\t\t\t\t\t\t<div class=\"elementor-spacer\">\n\t\t\t<div class=\"elementor-spacer-inner\"><\/div>\n\t\t<\/div>\n\t\t\t\t\t\t<\/div>\n\t\t\t\t<\/div>\n\t\t\t\t\t<\/div>\n\t\t\t\t<\/div>\n\t\t<div class=\"elementor-element elementor-element-125c0c8 e-flex e-con-boxed e-con e-parent\" data-id=\"125c0c8\" data-element_type=\"container\" data-settings=\"{&quot;background_background&quot;:&quot;classic&quot;}\">\n\t\t\t\t\t<div class=\"e-con-inner\">\n\t\t\t\t<div class=\"elementor-element elementor-element-9f70701 elementor-widget__width-inherit elementor-widget-mobile__width-initial elementor-tabs-view-vertical elementor-widget elementor-widget-tabs\" data-id=\"9f70701\" data-element_type=\"widget\" data-widget_type=\"tabs.default\">\n\t\t\t\t<div class=\"elementor-widget-container\">\n\t\t\t\t\t\t\t<div class=\"elementor-tabs\">\n\t\t\t<div class=\"elementor-tabs-wrapper\" role=\"tablist\" >\n\t\t\t\t\t\t\t\t\t<div id=\"elementor-tab-title-1671\" class=\"elementor-tab-title elementor-tab-desktop-title\" aria-selected=\"true\" data-tab=\"1\" role=\"tab\" tabindex=\"0\" aria-controls=\"elementor-tab-content-1671\" aria-expanded=\"false\">COMPOSI\u00c7\u00c3O<\/div>\n\t\t\t\t\t\t\t\t\t<div id=\"elementor-tab-title-1672\" class=\"elementor-tab-title elementor-tab-desktop-title\" aria-selected=\"false\" data-tab=\"2\" role=\"tab\" tabindex=\"-1\" aria-controls=\"elementor-tab-content-1672\" aria-expanded=\"false\">DOCUMENTOS<\/div>\n\t\t\t\t\t\t\t<\/div>\n\t\t\t<div class=\"elementor-tabs-content-wrapper\" role=\"tablist\" aria-orientation=\"vertical\">\n\t\t\t\t\t\t\t\t\t<div class=\"elementor-tab-title elementor-tab-mobile-title\" aria-selected=\"true\" data-tab=\"1\" role=\"tab\" tabindex=\"0\" aria-controls=\"elementor-tab-content-1671\" aria-expanded=\"false\">COMPOSI\u00c7\u00c3O<\/div>\n\t\t\t\t\t<div id=\"elementor-tab-content-1671\" class=\"elementor-tab-content elementor-clearfix\" data-tab=\"1\" role=\"tabpanel\" aria-labelledby=\"elementor-tab-title-1671\" tabindex=\"0\" hidden=\"false\"><p><span style=\"color: #339966;\"><strong>Composi\u00e7\u00e3o da CPA:<\/strong><\/span><\/p><p><strong>Caio L\u00facio Marinho Corr\u00eaa<\/strong><br \/>Representante Docente<\/p><p><strong>Andr\u00e9 Ant\u00f4nio Ballestreri<\/strong><br \/>Representante dos T\u00e9cnicos-Administrativos\/Presidente<\/p><p><strong>Gustavo Galv\u00e3o Baliero<\/strong><br \/>Representante Discente<\/p><p><strong>\u00a0Jo\u00e3o Paulo Oliveira Gon\u00e7alves<\/strong><br \/>Representante da Sociedade Civil<\/p><\/div>\n\t\t\t\t\t\t\t\t\t<div class=\"elementor-tab-title elementor-tab-mobile-title\" aria-selected=\"false\" data-tab=\"2\" role=\"tab\" tabindex=\"-1\" aria-controls=\"elementor-tab-content-1672\" aria-expanded=\"false\">DOCUMENTOS<\/div>\n\t\t\t\t\t<div id=\"elementor-tab-content-1672\" class=\"elementor-tab-content elementor-clearfix\" data-tab=\"2\" role=\"tabpanel\" aria-labelledby=\"elementor-tab-title-1672\" tabindex=\"0\" hidden=\"hidden\"><p><span style=\"color: #339966;\"><strong>Consulte os documentos da CPA:<\/strong><\/span><\/p><p><a href=\"https:\/\/faculdadef7.edu.br\/wp-content\/uploads\/2025\/01\/REGULAMENTO-DA-COMISSAO-PROPRIA-DE-AVALIACAO-CPA.pdf\">Regulamento da CPA<\/a><\/p><p><a href=\"https:\/\/faculdadef7.edu.br\/wp-content\/uploads\/2025\/01\/PROGRAMA-DE-AUTOAVALIACAO-INSTITUCIONAL.pdf\">Plano de Autoavalia\u00e7\u00e3o Institucional<\/a><\/p><p><a href=\"https:\/\/faculdadef7.edu.br\/wp-content\/uploads\/2025\/02\/Aviso-CPA-Inicio-de-2025-1.pdf\">Aviso de in\u00edcio CPA 2025.1<\/a><\/p><p><a href=\"https:\/\/faculdadef7.edu.br\/wp-content\/uploads\/2025\/02\/Minuta-do-Plano-de-Avaliacao-2025-1.pdf\">Plano de Avalia\u00e7\u00e3o 2025.1<\/a><\/p><p>\u00a0<\/p><\/div>\n\t\t\t\t\t\t\t<\/div>\n\t\t<\/div>\n\t\t\t\t\t\t<\/div>\n\t\t\t\t<\/div>\n\t\t\t\t<div class=\"elementor-element elementor-element-9bf97e2 elementor-widget elementor-widget-spacer\" data-id=\"9bf97e2\" data-element_type=\"widget\" data-widget_type=\"spacer.default\">\n\t\t\t\t<div class=\"elementor-widget-container\">\n\t\t\t\t\t\t\t<div class=\"elementor-spacer\">\n\t\t\t<div class=\"elementor-spacer-inner\"><\/div>\n\t\t<\/div>\n\t\t\t\t\t\t<\/div>\n\t\t\t\t<\/div>\n\t\t\t\t<div class=\"elementor-element elementor-element-ac56b55 elementor-widget elementor-widget-spacer\" data-id=\"ac56b55\" data-element_type=\"widget\" data-widget_type=\"spacer.default\">\n\t\t\t\t<div class=\"elementor-widget-container\">\n\t\t\t\t\t\t\t<div class=\"elementor-spacer\">\n\t\t\t<div class=\"elementor-spacer-inner\"><\/div>\n\t\t<\/div>\n\t\t\t\t\t\t<\/div>\n\t\t\t\t<\/div>\n\t\t\t\t\t<\/div>\n\t\t\t\t<\/div>\n\t\t<div class=\"elementor-element elementor-element-822cb09 e-con-full e-flex e-con e-parent\" data-id=\"822cb09\" data-element_type=\"container\" data-settings=\"{&quot;background_background&quot;:&quot;classic&quot;}\">\n\t\t<div class=\"elementor-element elementor-element-2ace62a e-flex e-con-boxed e-con e-child\" data-id=\"2ace62a\" data-element_type=\"container\">\n\t\t\t\t\t<div class=\"e-con-inner\">\n\t\t\t\t<div class=\"elementor-element elementor-element-bba33e2 elementor-widget elementor-widget-spacer\" data-id=\"bba33e2\" data-element_type=\"widget\" data-widget_type=\"spacer.default\">\n\t\t\t\t<div class=\"elementor-widget-container\">\n\t\t\t\t\t\t\t<div class=\"elementor-spacer\">\n\t\t\t<div class=\"elementor-spacer-inner\"><\/div>\n\t\t<\/div>\n\t\t\t\t\t\t<\/div>\n\t\t\t\t<\/div>\n\t\t\t\t\t<\/div>\n\t\t\t\t<\/div>\n\t\t\t\t<\/div>\n\t\t\t\t<\/div>\n\t\t","protected":false},"excerpt":{"rendered":"<p>Comiss\u00e3o Pr\u00f3pria de Avalia\u00e7\u00e3o &#8211; CPA Comiss\u00e3o Pr\u00f3pria de Avalia\u00e7\u00e3o &#8211; CPA da F7 A Comiss\u00e3o Pr\u00f3pria de Avalia\u00e7\u00e3o (CPA) da F7 segue as diretrizes da Lei Federal n\u00ba 10.861\/2004, que institui o Sistema Nacional de Avalia\u00e7\u00e3o da Educa\u00e7\u00e3o Superior (SINAES). Sua principal fun\u00e7\u00e3o \u00e9 conduzir os processos internos de autoavalia\u00e7\u00e3o institucional, sistematizar informa\u00e7\u00f5es e [&hellip;]<\/p>\n","protected":false},"author":2,"featured_media":0,"parent":0,"menu_order":0,"comment_status":"closed","ping_status":"closed","template":"elementor_header_footer","meta":{"footnotes":""},"class_list":["post-564","page","type-page","status-publish","hentry"],"jetpack_sharing_enabled":true,"_links":{"self":[{"href":"https:\/\/faculdadef7.edu.br\/index.php\/wp-json\/wp\/v2\/pages\/564","targetHints":{"allow":["GET"]}}],"collection":[{"href":"https:\/\/faculdadef7.edu.br\/index.php\/wp-json\/wp\/v2\/pages"}],"about":[{"href":"https:\/\/faculdadef7.edu.br\/index.php\/wp-json\/wp\/v2\/types\/page"}],"author":[{"embeddable":true,"href":"https:\/\/faculdadef7.edu.br\/index.php\/wp-json\/wp\/v2\/users\/2"}],"replies":[{"embeddable":true,"href":"https:\/\/faculdadef7.edu.br\/index.php\/wp-json\/wp\/v2\/comments?post=564"}],"version-history":[{"count":26,"href":"https:\/\/faculdadef7.edu.br\/index.php\/wp-json\/wp\/v2\/pages\/564\/revisions"}],"predecessor-version":[{"id":1793,"href":"https:\/\/faculdadef7.edu.br\/index.php\/wp-json\/wp\/v2\/pages\/564\/revisions\/1793"}],"wp:attachment":[{"href":"https:\/\/faculdadef7.edu.br\/index.php\/wp-json\/wp\/v2\/media?parent=564"}],"curies":[{"name":"wp","href":"https:\/\/api.w.org\/{rel}","templated":true}]}}