{"id":668,"date":"2024-07-26T12:39:05","date_gmt":"2024-07-26T15:39:05","guid":{"rendered":"https:\/\/faculdadef7.edu.br\/?page_id=668"},"modified":"2024-07-26T12:45:43","modified_gmt":"2024-07-26T15:45:43","slug":"manual-do-academico","status":"publish","type":"page","link":"https:\/\/faculdadef7.edu.br\/index.php\/manual-do-academico\/","title":{"rendered":"Manual do Acad\u00eamico"},"content":{"rendered":"<style>.elementor-668 .elementor-element.elementor-element-2c460e3{--display:flex;--flex-direction:column;--container-widget-width:100%;--container-widget-height:initial;--container-widget-flex-grow:0;--container-widget-align-self:initial;--flex-wrap-mobile:wrap;}.elementor-widget-image .widget-image-caption{color:var( --e-global-color-text );font-family:var( --e-global-typography-text-font-family ), Sans-serif;font-size:var( --e-global-typography-text-font-size );font-weight:var( --e-global-typography-text-font-weight );}.elementor-668 .elementor-element.elementor-element-51a9445 img{width:24%;}.elementor-668 .elementor-element.elementor-element-2cca55d{--display:flex;--flex-direction:column;--container-widget-width:calc( ( 1 - var( --container-widget-flex-grow ) ) * 100% );--container-widget-height:initial;--container-widget-flex-grow:0;--container-widget-align-self:initial;--flex-wrap-mobile:wrap;--justify-content:center;--align-items:center;}.elementor-widget-tabs .elementor-tab-title, .elementor-widget-tabs .elementor-tab-title a{color:var( --e-global-color-primary );}.elementor-widget-tabs .elementor-tab-title.elementor-active,\n\t\t\t\t\t .elementor-widget-tabs .elementor-tab-title.elementor-active a{color:var( --e-global-color-accent );}.elementor-widget-tabs .elementor-tab-title{font-family:var( --e-global-typography-primary-font-family ), Sans-serif;font-size:var( --e-global-typography-primary-font-size );font-weight:var( --e-global-typography-primary-font-weight );}.elementor-widget-tabs .elementor-tab-content{color:var( --e-global-color-text );font-family:var( --e-global-typography-text-font-family ), Sans-serif;font-size:var( --e-global-typography-text-font-size );font-weight:var( --e-global-typography-text-font-weight );}.elementor-668 .elementor-element.elementor-element-6b4ce5b{width:var( --container-widget-width, 65.332% );max-width:65.332%;--container-widget-width:65.332%;--container-widget-flex-grow:0;}.elementor-668 .elementor-element.elementor-element-6b4ce5b > .elementor-widget-container{background-color:#F6F6F6;}.elementor-668 .elementor-element.elementor-element-6b4ce5b.elementor-element{--flex-grow:0;--flex-shrink:0;}.elementor-668 .elementor-element.elementor-element-6b4ce5b .elementor-tab-title, .elementor-668 .elementor-element.elementor-element-6b4ce5b .elementor-tab-title:before, .elementor-668 .elementor-element.elementor-element-6b4ce5b .elementor-tab-title:after, .elementor-668 .elementor-element.elementor-element-6b4ce5b .elementor-tab-content, .elementor-668 .elementor-element.elementor-element-6b4ce5b .elementor-tabs-content-wrapper{border-width:1px;}.elementor-668 .elementor-element.elementor-element-6b4ce5b .elementor-tab-title{font-family:\"Montserrat\", Sans-serif;font-size:16px;font-weight:800;}.elementor-668 .elementor-element.elementor-element-6b4ce5b .elementor-tab-content{color:#576F59;font-family:\"Sora\", Sans-serif;font-size:16px;font-weight:400;}@media(min-width:768px){.elementor-668 .elementor-element.elementor-element-2cca55d{--content-width:1600px;}}@media(max-width:1024px){.elementor-widget-image .widget-image-caption{font-size:var( --e-global-typography-text-font-size );}.elementor-widget-tabs .elementor-tab-title{font-size:var( --e-global-typography-primary-font-size );}.elementor-widget-tabs .elementor-tab-content{font-size:var( --e-global-typography-text-font-size );}}@media(max-width:767px){.elementor-widget-image .widget-image-caption{font-size:var( --e-global-typography-text-font-size );}.elementor-668 .elementor-element.elementor-element-51a9445 img{width:53%;}.elementor-widget-tabs .elementor-tab-title{font-size:var( --e-global-typography-primary-font-size );}.elementor-widget-tabs .elementor-tab-content{font-size:var( --e-global-typography-text-font-size );}.elementor-668 .elementor-element.elementor-element-6b4ce5b{width:var( --container-widget-width, 349.2px );max-width:349.2px;--container-widget-width:349.2px;--container-widget-flex-grow:0;}}<\/style>\t\t<div data-elementor-type=\"wp-page\" data-elementor-id=\"668\" class=\"elementor elementor-668\" data-elementor-post-type=\"page\">\n\t\t\t\t<div class=\"elementor-element elementor-element-2c460e3 e-flex e-con-boxed e-con e-parent\" data-id=\"2c460e3\" data-element_type=\"container\">\n\t\t\t\t\t<div class=\"e-con-inner\">\n\t\t\t\t<div class=\"elementor-element elementor-element-51a9445 elementor-widget elementor-widget-image\" data-id=\"51a9445\" data-element_type=\"widget\" data-widget_type=\"image.default\">\n\t\t\t\t<div class=\"elementor-widget-container\">\n\t\t\t\t\t\t\t\t\t\t\t\t\t\t\t<img fetchpriority=\"high\" decoding=\"async\" width=\"800\" height=\"248\" src=\"https:\/\/faculdadef7.edu.br\/wp-content\/uploads\/2023\/09\/F7-LOGO-2-1024x318.png\" class=\"attachment-large size-large wp-image-33\" alt=\"\" srcset=\"https:\/\/faculdadef7.edu.br\/wp-content\/uploads\/2023\/09\/F7-LOGO-2-1024x318.png 1024w, https:\/\/faculdadef7.edu.br\/wp-content\/uploads\/2023\/09\/F7-LOGO-2-300x93.png 300w, https:\/\/faculdadef7.edu.br\/wp-content\/uploads\/2023\/09\/F7-LOGO-2-768x238.png 768w, https:\/\/faculdadef7.edu.br\/wp-content\/uploads\/2023\/09\/F7-LOGO-2-1536x477.png 1536w, https:\/\/faculdadef7.edu.br\/wp-content\/uploads\/2023\/09\/F7-LOGO-2-2048x636.png 2048w, https:\/\/faculdadef7.edu.br\/wp-content\/uploads\/2023\/09\/F7-LOGO-2-600x186.png 600w\" sizes=\"(max-width: 800px) 100vw, 800px\" \/>\t\t\t\t\t\t\t\t\t\t\t\t\t\t\t<\/div>\n\t\t\t\t<\/div>\n\t\t\t\t\t<\/div>\n\t\t\t\t<\/div>\n\t\t<div class=\"elementor-element elementor-element-2cca55d e-flex e-con-boxed e-con e-parent\" data-id=\"2cca55d\" data-element_type=\"container\">\n\t\t\t\t\t<div class=\"e-con-inner\">\n\t\t\t\t<div class=\"elementor-element elementor-element-6b4ce5b elementor-widget__width-initial elementor-widget-mobile__width-initial elementor-tabs-view-horizontal elementor-widget elementor-widget-tabs\" data-id=\"6b4ce5b\" data-element_type=\"widget\" data-widget_type=\"tabs.default\">\n\t\t\t\t<div class=\"elementor-widget-container\">\n\t\t\t\t\t\t\t<div class=\"elementor-tabs\">\n\t\t\t<div class=\"elementor-tabs-wrapper\" role=\"tablist\" >\n\t\t\t\t\t\t\t\t\t<div id=\"elementor-tab-title-1121\" class=\"elementor-tab-title elementor-tab-desktop-title\" aria-selected=\"true\" data-tab=\"1\" role=\"tab\" tabindex=\"0\" aria-controls=\"elementor-tab-content-1121\" aria-expanded=\"false\">Manual do Acad\u00eamico<\/div>\n\t\t\t\t\t\t\t<\/div>\n\t\t\t<div class=\"elementor-tabs-content-wrapper\" role=\"tablist\" aria-orientation=\"vertical\">\n\t\t\t\t\t\t\t\t\t<div class=\"elementor-tab-title elementor-tab-mobile-title\" aria-selected=\"true\" data-tab=\"1\" role=\"tab\" tabindex=\"0\" aria-controls=\"elementor-tab-content-1121\" aria-expanded=\"false\">Manual do Acad\u00eamico<\/div>\n\t\t\t\t\t<div id=\"elementor-tab-content-1121\" class=\"elementor-tab-content elementor-clearfix\" data-tab=\"1\" role=\"tabpanel\" aria-labelledby=\"elementor-tab-title-1121\" tabindex=\"0\" hidden=\"false\"><p><a href=\"https:\/\/faculdadef7.edu.br\/wp-content\/uploads\/2024\/07\/MANUAL-DO-ACADEMICO1.pdf\">Manual do Acad\u00eamico<a href=\"https:\/\/faculdadef7.edu.br\/wp-content\/uploads\/2024\/07\/MANUAL-DO-ACADEMICO1.pdf\" class=\"pdfemb-viewer\" style=\"\" data-width=\"max\" data-height=\"max\" data-toolbar=\"bottom\" data-toolbar-fixed=\"off\">MANUAL-DO-ACADEMICO1<\/a>&#8220;]<\/a><\/p><\/div>\n\t\t\t\t\t\t\t<\/div>\n\t\t<\/div>\n\t\t\t\t\t\t<\/div>\n\t\t\t\t<\/div>\n\t\t\t\t\t<\/div>\n\t\t\t\t<\/div>\n\t\t\t\t<\/div>\n\t\t","protected":false},"excerpt":{"rendered":"<p>Manual do Acad\u00eamico Manual do Acad\u00eamico Manual do Acad\u00eamicoMANUAL-DO-ACADEMICO1&#8220;]<\/p>\n","protected":false},"author":2,"featured_media":0,"parent":0,"menu_order":0,"comment_status":"closed","ping_status":"closed","template":"elementor_header_footer","meta":{"footnotes":""},"class_list":["post-668","page","type-page","status-publish","hentry"],"jetpack_sharing_enabled":true,"_links":{"self":[{"href":"https:\/\/faculdadef7.edu.br\/index.php\/wp-json\/wp\/v2\/pages\/668","targetHints":{"allow":["GET"]}}],"collection":[{"href":"https:\/\/faculdadef7.edu.br\/index.php\/wp-json\/wp\/v2\/pages"}],"about":[{"href":"https:\/\/faculdadef7.edu.br\/index.php\/wp-json\/wp\/v2\/types\/page"}],"author":[{"embeddable":true,"href":"https:\/\/faculdadef7.edu.br\/index.php\/wp-json\/wp\/v2\/users\/2"}],"replies":[{"embeddable":true,"href":"https:\/\/faculdadef7.edu.br\/index.php\/wp-json\/wp\/v2\/comments?post=668"}],"version-history":[{"count":13,"href":"https:\/\/faculdadef7.edu.br\/index.php\/wp-json\/wp\/v2\/pages\/668\/revisions"}],"predecessor-version":[{"id":685,"href":"https:\/\/faculdadef7.edu.br\/index.php\/wp-json\/wp\/v2\/pages\/668\/revisions\/685"}],"wp:attachment":[{"href":"https:\/\/faculdadef7.edu.br\/index.php\/wp-json\/wp\/v2\/media?parent=668"}],"curies":[{"name":"wp","href":"https:\/\/api.w.org\/{rel}","templated":true}]}}